15
5ba0
What is -561 (base 9) in base 10?
-460
Convert 2003 (base 8) to base 4.
100003
-1bf4 (base 16) to base 8
-15764
Convert 32260 (base 8) to base 4.
3102300
11d (base 14) to base 7
436
What is -157745 (base 8) in base 14?
-16c61
-743 (base 8) to base 4
-13203
What is 322626 (base 7) in base 8?
155637
-15 (base 15) to base 16
-14
-2791 (base 14) to base 6
-52203
What is 12301220 (base 4) in base 13?
c82a
Convert -42004 (base 5) to base 16.
-ac2
What is 1200 (base 3) in base 5?
140
-125b (base 15) to base 5
-111121
What is 710b (base 14) in base 11?
13650
What is -302332 (base 5) in base 8?
-22765
Convert -2d72 (base 15) to base 14.
-37ca
What is 2ba0 (base 12) in base 4?
1100220
What is 1011101 (base 2) in base 15?
63
What is -534 (base 15) in base 4?
-102112
What is 1178 (base 11) in base 8?
3001
1010002 (base 3) to base 4
30230
What is 11020 (base 5) in base 3?
1001011
What is -5b0 (base 16) in base 14?
-760
Convert 383 (base 14) to base 4.
22333
What is 8ca8 (base 14) in base 3?
1020112122
210001000 (base 3) to base 10
15336
Convert -82 (base 11) to base 16.
-5a
What is -21002210 (base 3) in base 7?
-21045
-1337 (base 8) to base 11
-609
Convert 317a1 (base 11) to base 5.
2434322
What is -852 (base 10) in base 5?
-11402
Convert 210303 (base 4) to base 10.
2355
What is -12bb (base 15) in base 7?
-14444
Convert -487 (base 16) to base 6.
-5211
-113311 (base 5) to base 11
-3184
-b999 (base 12) to base 5
-1123141
Convert 2849 (base 10) to base 5.
42344
Convert -181 (base 9) to base 8.
-232
Convert 949b (base 12) to base 2.
11111101110111
-19d08 (base 14) to base 8
-200204
Convert 12211122 (base 3) to base 4.
1002200
What is 564 (base 9) in base 12?
327
What is 420016 (base 7) in base 10?
72043
Convert -1b21a (base 13) to base 7.
-310531
What is -1012022 (base 3) in base 8?
-1550
What is 2031020 (base 4) in base 10?
9032
Convert -3706 (base 10) to base 7.
-13543
Convert -36774 (base 9) to base 3.
-1020212111
105 (base 6) to base 2
101001
What is -4c42 (base 14) in base 16?
-344a
What is -11431 (base 6) in base 5?
-23200
11345 (base 8) to base 9
6564
101121202 (base 3) to base 4
1320332
132033 (base 4) to base 15
890
763 (base 12) to base 8
2073
-1220020 (base 3) to base 10
-1383
Convert 654 (base 8) to base 5.
3203
Convert -10012102 (base 3) to base 5.
-33313
Convert -4870 (base 11) to base 15.
-1d49
-606 (base 11) to base 8
-1334
What is 6114 (base 9) in base 13?
2059
Convert -1122 (base 10) to base 15.
-4ec
What is -1243f (base 16) in base 3?
-10210121221
135121 (base 7) to base 9
38334
-5272 (base 9) to base 2
-111100100000
What is 110000 (base 4) in base 7?
3506
-a4a (base 12) to base 3
-2001111
Convert -13037 (base 12) to base 11.
-18563
What is -637b (base 14) in base 8?
-41411
11c8 (base 16) to base 11
3469
Convert 171 (base 8) to base 4.
1321
Convert -234b4 (base 12) to base 4.
-23210020
What is -7dad (base 16) in base 4?
-13312231
Convert -101111100 (base 2) to base 3.
-112002
350 (base 8) to base 16
e8
What is 225 (base 16) in base 2?
1000100101
What is 4477 (base 10) in base 5?
120402
Convert -11000000 (base 2) to base 16.
-c0
-479 (base 12) to base 6
-3033
What is -1ebb (base 15) in base 12?
-3a65
What is 86a8 (base 12) in base 2?
11100111100000
10273 (base 9) to base 4
1222011
265 (base 12) to base 11
302
-526 (base 11) to base 5
-10013
-100220 (base 3) to base 13
-177
-2103 (base 4) to base 7
-300
What is 36 (base 13) in base 8?
55
Convert 61 (base 13) to base 12.
67
204 (base 8) to base 6
340
Convert 1101100111 (base 2) to base 3.
1012021
-35c1 (base 13) to base 11
-5783
Convert -64645 (base 7) to base 8.
-37351
What is 376 (base 16) in base 2?
1101110110
996a (base 11) to base 8
31530
What is 57a (base 12) in base 6?
3434
-50a86 (base 11) to base 15
-17124
5d2d (base 15) to base 11
139aa
What is -2724 (base 11) in base 4?
-313033
Convert 179 (base 14) to base 12.
213
-30377 (base 8) to base 6
-134023
Convert 2536 (base 16) to base 13.
444a
2000220 (base 3) to base 7
4215
Convert -22077 (base 10) to base 14.
-808d
-232 (base 6) to base 14
-68
Convert -68076 (base 9) to base 12.
-22243
What is -279 (base 13) in base 4?
-12312
1650 (base 8) to base 15
426
What is -1301504 (base 6) in base 5?
-4223014
What is -72 (base 10) in base 12?
-60
2458 (base 9) to base 8
3453
What is -358a1 (base 11) in base 2?
-1100100111001001
Convert -580 (base 9) to base 3.
-122200
What is -2121022011 (base 3) in base 15?
-102ba
-19c (base 14) to base 9
-411
-51243 (base 6) to base 8
-15213
What is 3116 (base 9) in base 6?
14323
Convert 960 (base 13) to base 10.
1599
What is 12949 (base 10) in base 4?
3022111
16206 (base 7) to base 6
33043
What is b018 (base 14) in base 9?
45382
-b408 (base 13) to base 5
-1243401
What is -121221 (base 3) in base 2?
-111001001
Convert -b336 (base 16) to base 15.
-d8d8
Convert -552a (base 11) to base 16.
-1c7c
What is 331 (base 12) in base 9?
571
1027 (base 10) to base 14
535
-1032003 (base 4) to base 10
-4995
What is -32212230 (base 4) in base 12?
-2a750
230 (base 16) to base 5
4220
352242 (base 7) to base 12
30720
What is -1845 (base 16) in base 10?
-6213
Convert 35a (base 12) to base 7.
1315
Convert 57b5 (base 12) to base 14.
37cd
What is 61a (base 14) in base 12?
840
What is 3654 (base 7) in base 6?
10150
What is 23142 (base 9) in base 8?
36104
Convert -c9 (base 16) to base 4.
-3021
Convert -39f5 (base 16) to base 2.
-11100111110101
Convert 1440 (base 12) to base 8.
4460
Convert 857 (base 9) to base 12.
4a4
What is 558 (base 9) in base 2?
111001010
What is -612 (base 7) in base 11?
-256
-75341 (base 8) to base 15
-94c2
8d (base 16) to base 9
166
Convert -36203 (base 8) to base 6.
-155415
Convert 44020 (base 6) to base 14.
22cc
Convert -20112 (base 4) to base 6.
-2250
What is -48 (base 16) in base 10?
-72
What is -1825 (base 13) in base 11?
-2765
Convert 298 (base 11) to base 3.
110221
What is 422 (base 5) in base 7?
220
Convert -155 (base 16) to base 10.
-341
What is -701 (base 9) in base 12?
-3b4
8277 (base 14) to base 10
22449
1a92 (base 14) to base 8
11340
-7e6 (base 16) to base 6
-13210
-244324 (base 5) to base 7
-36141
Convert -224432 (base 5) to base 13.
-3905
Convert 1200 (base 13) to base 16.
9e7
Convert -682b (base 13) to base 4.
-3203223
What is 2370 (base 10) in base 8?
4502
-34421 (base 5) to base 8
-4666
Convert 581 (base 9) to base 5.
3403
Convert -89404 (base 10) to base 2.
-10101110100111100
-10100112 (base 4) to base 6
-212410
-110121 (base 3) to base 16
-154
Convert 122223 (base 6) to base 5.
322022
What is -583 (base 9) in base 10?
-480
Convert -424332 (base 6) to base 2.
-1000011110000000
-4b8 (base 16) to base 15
-558
-30111 (base 4) to base 3
-1002020
What is 38b0 (base 12) in base 7?
24600
What is 202413 (base 6) in base 12?
9409
What is -4129 (base 10) in base 14?
-170d
-111111110011000 (base 2) to base 6
-411120
What is -344 (base 5) in base 7?
-201
What is -92 (base 13) in base 8?
-167
Convert -3e2 (base 16) to base 3.
-1100211
Convert c477 (base 14) to base 16.
8419
Convert -c20a (base 15) to base 6.
-513344
Convert 1782 (base 14) to base 15.
13c0
16415 (base 8) to base 2
1110100001101
a08 (base 13) to base 8
3242
-d17 (base 14) to base 16
-a09
What is -4632 (base 15) in base 13?
-6a1c
4554 (base 10) to base 3
20020200
Convert 383 (base 10) to base 16.
17f
Convert 12 (base 13) to base 2.
1111
Convert 4026 (base 7) to base 12.
980
Convert 140 (base 8) to base 12.
80
896 (base 13) to base 6
10455
-713 (base 9) to base 8
-1103
Convert 2001122 (base 3) to base 15.
6a2
110001000 (base 2) to base 15
1b2
-16a16 (base 11) to base 9
-35644
Convert a38 (base 15) to base 14.
ba7
What is -8816 (base 11) in base 3?
-120221212
What is -70867 (base 9) in base 5?
-2443021
Convert -11112120 (base 4) to base 3.
-1010001120
-6642 (base 15) to base 14
-7c74
Convert -31043 (base 5) to base 8.
-3747
Convert 222011 (base 3) to base 6.
3134
-2065 (base 10) to base 13
-c2b
1014020 (base 5) to base 12
9848
Convert 1010101 (base 2) to base 11.
78
What is -2011 (base 3) in base 7?
-112
What is -324 (base 12) in base 16?
-1cc
Convert -8362 (base 9) to base 3.
-22102002
-465 (base 14) to base 7
-2355
What is -26a4 (base 13) in base 14?
-203c
What is -4212 (base 5) in base 3?
-202122
10000001001011 (base 2) to base 1